4 + 29. Let k(s) = s**3 + 0 + m*s + 2 - 4*s - 10*s**3 + s**2. Is k(-3) a prime number?
True
Let a(z) = -44*z**2 - 4*z. Let f be a(3). Let w = -185 - f. Is w a prime number?
True
Let t(v) = -v**3 - 10*v**2 + 12*v + 15. Let k be t(-11). Is (-66)/10*(-9 + k) a prime number?
False
Let f(g) = g**3 + 6*g**2 - 6*g - 9. Is f(4) composite?
False
Let i = -10542 + 32731. Is i composite?
False
Suppose n - 77 = 5*g, 4*n - 5 = g + 18. Let j(q) = -14*q - 19. Is j(g) composite?
False
Let o(y) = 5*y**2 - 10*y + 1. Let n be o(9). Let l = n - -56. Let h = l - 71. Is h prime?
False
Let g = 15076 - 9242. Is g prime?
False
Let j(v) = v**2 + 8*v - 10. Let o be j(-9). Let p be o + 2 + -7 - -2. Is (678/p)/(1/(-2)) a composite number?
True
Let p be 7*(0 + 2)/2. Let s(x) = -7*x - 4. Let l be s(p). Let z = l - -388. Is z a composite number?
True
Let n = 243 + -11. Suppose -2*o + n = -94. Is o composite?
False
Let q(b) = 4*b + 1. Let z be q(-2). Let i be (-2)/z + (-216)/21. Is ((-348)/i)/(16/40) prime?
False
Suppose 5*f - 25 = -0. Suppose -3*b = -0*w - 2*w - 197, -w = -f. Is b a composite number?
True
Let q(t) be the second derivative of t**3/6 + 72*t**2 - 9*t. Let i be q(0). Suppose v = -g + i, 5*v - 606 = v + 2*g. Is v a composite number?
False
Let z(a) = 20*a**2 - 27*a + 14 + 11*a + 17*a**2. Is z(-9) a prime number?
False
Let k(g) = -g + 1. Let v(c) = 120*c + 8. Let d(n) = -6*k(n) + v(n). Let i be d(2). Suppose -5*r - i = 3*p - 4*p, 782 = 3*p + 5*r. Is p a prime number?
False
Let k = 486 + -421. Is k a composite number?
True
Suppose -94828 - 248293 = -19*v. Is v prime?
True
Suppose 660015 = 26*h + 19*h. Is h a prime number?
False
Let t = -2326 - -5048. Is t a prime number?
False
Suppose -5*u + 3*u = -3922. Let b = u + -1378. Is b composite?
True
Suppose 0*i = -8*i + 1608. Let w = 452 - i. Is w composite?
False
Suppose 5*r - 3*x + 20 = 0, -5 = 4*r - x + 4. Is (-328)/(-1) + 2 + r prime?
False
Let s(m) = 62*m**2 + 23*m - 6. Is s(-11) composite?
False
Let b = -5 + 13. Let y(s) = s**3 - 9*s**2 + 9*s - 6. Let n be y(b). Suppose -n*t + 7*t - 1655 = 0. Is t a prime number?
True
Let m = 13963 - 3441. Suppose -m = -14*z + 9988. Is z prime?
False
Suppose 6*r - 10108 - 4838 = 0. Is r prime?
False
Let c be 28/98 - 38/(-14). Suppose 0 = c*o - 2*u - 1135, o + 4*u - 778 = -o. Is o a composite number?
True
Let w(s) = -s**3 - 3*s**2 - 3*s - 4. Let i be w(-3). Let a(p) = p**3 + p**2 + 2*p - 5. Is a(i) prime?
False
Let u(x) = x + 9. Suppose -5*v - 8 = -4*v. Let g be u(v). Is g + 0 + (12 - 0) a prime number?
True
Suppose 108*p - 112*p + 27788 = 0. Is p prime?
True
Let c(l) = l - 1. Let g be c(2). Suppose -8 = -q + g. Is q composite?
True
Suppose 0 = p - b - 17399, -59*p + 58*p - 4*b = -17399. Is p composite?
True
Suppose -174 = -5*c + 8136. Let g = 2399 - c. Is g a prime number?
False
Suppose 0 = -2*z + 1 + 3. Suppose -i + 14 = z*n, n - 2*n = i - 9. Suppose -2*x + i*t = t - 109, x - 54 = t. Is x prime?
True
Let p(n) be the first derivative of -11*n + 11/2*n**2 + 7 + 1/3*n**3. Is p(-16) prime?
False
Suppose 33*v - 339235 = -32*v. Is v composite?
True
Is 125736/30 + 9 + (-8)/(-10) prime?
True
Let v(o) = -2*o + 1847. Is v(0) a prime number?
True
Let k = 196984 - 109463. Is k prime?
False
Let i(o) = 1 + o**3 + o - o**2 - 3*o + 3*o. Let l be 3/((3/(-2))/(-3)). Is i(l) composite?
True
Suppose 3*f + 3*q = -585, 4*f + 0*q + 825 = 5*q. Let x = 493 + f. Is x prime?
True
Let b(o) = 200*o**2 + 11*o + 7. Is b(5) prime?
False
Suppose o - 4 = -5. Let v(b) = -19*b**2 - b - 1. Let i be v(o). Is (-55)/(-5)*(0 - i) prime?
False
Let n(y) = 93*y**3 - 5*y**2 + 2*y - 1. Is n(4) prime?
True
Suppose -6*r + 1577 = -2*u - 3*r, 4*r + 2408 = -3*u. Let h = -507 - u. Is h a prime number?
False
Suppose -3*h - 16 = h. Is 307 + 0*h/8 a prime number?
True
Suppose 0 = 4*y + 2*v - 12342 + 1946, 0 = -3*v. Is y composite?
True
Suppose 120 = 5*h + 10. Suppose -g = -p + h - 323, 2*g - 5*p - 611 = 0. Is g a composite number?
True
Let p(n) = -7*n**3 + 3*n**2 - n - 1. Let u(z) = -z**2 - z - 3. Let y be u(0). Is p(y) a composite number?
True
Let d(v) = -v**3 + 13*v**2 - 8*v + 21. Let j be d(11). Suppose -2*x + 917 = j. Is x composite?
True
Let a(t) = -2*t**2 + 25*t - 3. Let f be a(12). Suppose -4296 = -17*p + f*p. Is p prime?
False
Is ((-1)/(-5))/((-14)/(452900/(-10))) a prime number?
True
Let l(u) = 0 - 44*u - 13*u - 13 + 6*u. Is l(-6) a composite number?
False
Suppose -11 = -4*w + 1. Suppose 4*s = 13 + 3, w*x = -5*s + 20. Suppose -1085 = -5*r - x*r. Is r a composite number?
True
Let o = 0 - -3. Suppose 2*q + 4 = 2*g + 6*q, -4*g + 4*q = -56. Suppose o*v - 29 = g. Is v a prime number?
True
Let m(n) = n - 2. Let t be m(-7). Let v(c) = c**3 + 9*c**2 + c - 13. Let p be v(t). Is ((-106)/(-3))/(p/(-33)) a prime number?
True
Suppose 3*g = g - 6, 2*g - 209 = 5*w. Let j = w + 98. Is j prime?
False
Suppose 2*m - 11*o + 8*o = 120709, m = 4*o + 60357. Is m prime?
True
Is ((-93231)/(-162))/(2/4*1) composite?
False
Let t(o) = -o + 103*o**2 + 50*o**2 + 1 - 1293*o**2. Let x be t(-1). Is x/(-3) + 3/(-9) prime?
True
Suppose -w - 76 = -4*h, 0*h = 3*h + 3*w - 72. Is (-366)/(-2) + h/(-10) a prime number?
True
Let s be 17/((-17)/6)*1*-4. Let c = 357 + s. Is c composite?
True
Suppose 18*m = 64812 + 14586. Is m composite?
True
Let j(c) = c**2 + 10*c + 21. Let w be j(-7). Suppose 3*q - 3347 = -0*x - 2*x, -3*x - 6 = w. Is q a prime number?
True
Let b(y) = 169*y**2 - 11*y - 37. Is b(-6) composite?
False
Let m = 2283 - -1652. Is m a composite number?
True
Suppose 2*q = 2*j + 286, 5*q - j - 694 = -3*j. Suppose -3*b + 44 = q. Let a = 1 - b. Is a prime?
False
Let v(z) = 891*z - 46. Is v(5) a composite number?
False
Let x = 20 - 35. Let f = 17 + x. Suppose -f*p + 114 = -40. Is p a prime number?
False
Let n = 26 + -17. Let d(j) = j**2 - 11*j + 11. Let y be d(n). Let l = y + 10. Is l prime?
True
Let y(g) = g**2 - g + 6. Let h(l) = l**2 + 8*l + 7. Let i be h(-7). Let w be y(i). Is w/(-9) + (-119)/(-3) prime?
False
Is 0 + (-2945090)/(-35) + 6/(-14) composite?
True
Suppose -8*v + 31847 = -53889. Is v prime?
False
Let g = -19 + 18. Let p(f) be the second derivative of -83*f**5/5 - f**4/12 - f**3/6 - f**2/2 + 15*f. Is p(g) composite?
False
Let j be 235/25 + 6/(-15). Let d(g) = g**2 - 9*g + 3. Let t be d(j). Suppose 4*o - z - 844 = z, 0 = 3*o - t*z - 633. Is o composite?
False
Let l(w) = -w**3 + 11*w**2 + 11*w + 15. Let g be l(12). Let c(h) = 126*h + 19. Is c(g) composite?
False
Let n(f) be the third derivative of f**5/20 - f**4/8 - f**3/6 + 3*f**2. Let u(m) = m**2 - 18*m - 34. Let r be u(20). Is n(r) a prime number?
True
Let m = 1 + 3. Suppose -4*a + r + 2*r - 27 = 0, m*a - 4*r = -32. Let o(j) = -5*j**3 - 3*j**2 - 2. Is o(a) composite?
True
Suppose -2*r + 4 = -0*r, -3*f + 4*r + 12307 = 0. Is f prime?
False
Suppose -34 = -5*k + 21. Let m = k + 15. Is m a prime number?
False
Let z(c) = c**3 + 2*c**2 - 1. Let u be z(-1). Suppose 3*m + 237 = 6*m. Suppose -y + 0*y + m = u. Is y prime?
True
Let b(l) = l**2 - 7*l + 6711. Is b(0) a composite number?
True
Let r(q) = -2*q + 2. Let c be r(0). Suppose -3*b + 355 = c*b. Is b a composite number?
False
Let v(x) = 790*x - 37. Let d be (-66)/(-11)*2/4. Is v(d) a composite number?
False
Let a(k) = -k**3 + 5*k**2 - 2*k - 4. Let u be a(4). Suppose 6*o + 2*i = o + 4071, -5*i - 3270 = -u*o. Is o a composite number?
True
Let w(t) = 2*t**3 + 2*t**2 + t + 2. Let u be w(-4). Is (-5 + u)/((-3)/15) composite?
True
Is 9640/(-12)*2*-6 - 3 a composite number?
True
Let b(q) = 7493*q + 9. Is b(2) prime?
False
Suppose -122*j = -123*j + 2413. Is j prime?
False
Let l(s) = -131182*s + 247. Is l(-1) prime?
False
Let h = -104 + 111. Suppose h*l - 5*l = 314. Is l composite?
False
Let c = -8 + 10. Suppose 68 = c*s + 20. Let d = 53 + s. Is d a composite number?
True
Suppose -7*u + 32 = -3*u. Suppose h - 4 = 3*p, 0*p + 5*p = 2*h - u. Suppose -h*j + 5*j = 34. Is j prime?
False
Let a(w) = 136*w - 1. Let p(d) = 45*d. Let k be ((-20)/(-8))/5*14. Let i(g) = k*p(g) - 2*a(g). Is i(5) prime?
False
Let c(b) = b + 12. Let s be c(-9). Let d = 2 - 4. Is 75 - s/((-6)/d) composite?
True
Let j(x) = -6*x**3 + 13*x**2 - 8*x + 7. Let c(r) = 7*r**3 - 14*r**2 + 8*r - 8. Let u(n) = -5*c(n) - 6*j(n). Is u(11) a prime number?
True
Suppose -5*n + 4*z = -29825, -5*n - 4*z + 5*z = -2